{"id":350,"date":"2025-07-17T11:41:35","date_gmt":"2025-07-17T09:41:35","guid":{"rendered":"https:\/\/i3v.citm.upc.edu\/?page_id=350"},"modified":"2025-10-06T17:12:01","modified_gmt":"2025-10-06T15:12:01","slug":"i3v-2023","status":"publish","type":"page","link":"https:\/\/i3v.citm.upc.edu\/?page_id=350","title":{"rendered":"I3V 2023"},"content":{"rendered":"\n<p>La celebraci\u00f3 de la primera edici\u00f3 del &#8220;<em>Simposi sobre Investigaci\u00f3 a la Ind\u00fastria Indie del Videojoc<\/em>&#8220;<strong> (I3V 2023)<\/strong> es va portar a terme el 27 d\u2019Octubre, a Terrassa (Espanya), com acte paral.lel al &#8220;<strong>INDIE GAMES TRS<\/strong>&#8220;, un esdeveniment d\u2019acc\u00e9s lliure que va servir com punt de trobada per tota l&#8217;escena independent del videojoc espanyol. Aquest simposi va estar obert a contribucions per part de qualsevol actor implicat en l\u2019estudi i recerca dins d\u2019aquesta \u00e0rea, i aix\u00ed establir un di\u00e0leg entre els diferents actors implicats, tant acad\u00e8mia com ind\u00fastria, que potenci\u00efn la seva millora i nous models de col\u00b7laboraci\u00f3.<\/p>\n\n\n\n<h1 class=\"wp-block-heading\">Keynotes<\/h1>\n\n\n\n<p id=\"block-7e7594b0-568d-42d4-80e7-3c6e6b30dda2\"><strong>Manu delgado<\/strong><\/p>\n\n\n\n<p id=\"block-a3cf9160-1f1f-4877-8a04-5e9cfe057d70\">Periodista sevill\u00e0 especialitzat en videojocs independents. \u00c9s coautor del llibre &#8216;Revoluci\u00f3 Indie: La subversi\u00f3 cultural del videojoc&#8217; (Herois de Paper) i durant cinc anys ha dirigit el mitj\u00e0 Equilateral.es, una revista digital sobre jocs indies. Actualment, treballa com a redactor i creador de contingut a Vandal despr\u00e9s d&#8217;haver col\u00b7laborat amb altres mitjans del sector (com VidaExtra o Zonared), aix\u00ed com en estudis de desenvolupament de videojocs com a responsable de comunicaci\u00f3 i premsa.<\/p>\n\n\n\n<p id=\"block-51c251e7-aab1-4257-8434-8ffa65b5a708\"><em>Pon\u00e8ncia convidada: Qu\u00e8 \u00e9s un videojoc indie? Breu rep\u00e0s contextual d\u2019una etiqueta complicada<\/em><\/p>\n\n\n\n<p id=\"block-1a8c0256-eac1-487d-b1f4-d0ea53fb3a63\"><em>No \u00e9s f\u00e0cil destriar qu\u00e8 \u00e9s un videojoc indie i qu\u00e8 no, de vegades tampoc no \u00e9s necessari. Tot i aix\u00f2, con\u00e8ixer els secrets contextuals d&#8217;aquesta etiqueta \u00e9s veritablement \u00fatil per tenir m\u00e9s consci\u00e8ncia dels interessos que hi ha despr\u00e9s de la seva utilitzaci\u00f3. Poder tra\u00e7ar l\u00ednies de relaci\u00f3 que contextualitzin aquest terme amb la seva mateixa hist\u00f2ria i amb la del propi medi, amb els espais que ha anat ocupant al llarg dels anys, es torna una tasca necess\u00e0ria per comprendre on \u00e9s i cap a on va la creaci\u00f3 independent d&#8217;obres interactives.<\/em><\/p>\n\n\n\n<p id=\"block-fd1cc40b-5460-4c9f-9e17-8541b3ba2fa5\"><strong>Eul\u00e0lia Febrer<\/strong><\/p>\n\n\n\n<p id=\"block-748f3292-a933-4455-8862-78bfff1dfdf0\">Eul\u00e0lia Febrer Coll \u00e9s doctora en Popular Music per la Cardiff University i M\u00e0ster en M\u00fasica com a art interdisciplinari per la Universitat de Barcelona. Actualment, \u00e9s docent a la Universidad Internacional de La Rioja (UNIR), on coordina el M\u00e0ster en Musicologia, i col\u00b7laboradora al Centre de la Imatge i Tecnolog\u00eda Multim\u00e8dia. Eul\u00e0lia \u00e9s cofundadora de diversos grups de recerca com FOR MUSIC (UNIR) o el Grup de Recerca Musicol\u00f2gica de Menorca (Institut Menorqu\u00ed d\u2019Estudis) i directora de Projecte a Electronic Dojo SL, empresa dedicada a la formaci\u00f3 a trav\u00e9s dels videojocs. La seva principal l\u00ednea de recerca se situa entorn del rol de la m\u00fasica dins els esports electr\u00f2nics, aix\u00ed com entorn les aplicacions pedag\u00f2giques dels videojocs en diversos nivells educatius.<\/p>\n\n\n\n<p id=\"block-f688c6fc-d527-4077-bf59-93d0ec22e62c\"><em>Pon\u00e8ncia convidada: M\u00fasica als videojocs indie: Quins elements influeixen en la seva composici\u00f3?<\/em><\/p>\n\n\n\n<p id=\"block-e6e9bb56-e163-49f5-9268-3bf1e536c22b\"><em>La composici\u00f3 musical i sonora per a qualsevol videojoc est\u00e0 lligada a factors que s\u2019articulen, en gran manera, segons els recursos disponibles i el funcionament de la mateixa ind\u00fastria musical. Aix\u00f2 fa que les desenvolupadores independents sovint hagin d\u2019aproximar-se a la producci\u00f3 musical a partir d\u2019idees innovadores o experimentals, que impliquen una despesa econ\u00f2mica, tecnol\u00f2gica i humana redu\u00efda \u2014el que no implica que quedin enrere en la seva qualitat o impacte social. Aquesta xerrada consta de dues parts: una primera en la qual s&#8217;assenyalaran els principals elements darrere la composici\u00f3 de la banda sonora d\u2019un videojoc i es tractaran aspectes referents a la influ\u00e8ncia de la ind\u00fastria musical sobre la producci\u00f3 de cada t\u00edtol; i una segona en qu\u00e8 es presentaran breument tres estudis de cas amb diferents aproximacions a la musicalitzaci\u00f3 dels seus t\u00edtols: Limbo (2010), Amnesia (2010) i Journey (2012).<\/em><\/p>\n\n\n\n<h1 class=\"wp-block-heading\">Programa<\/h1>\n\n\n\n<p class=\"has-medium-font-size\"><strong><em>Actes 2023 &#8211; Recull dels treballs a UPCommons<\/em><\/strong> [<a href=\"https:\/\/upcommons.upc.edu\/handle\/2117\/397488\">ENLLA\u00c7<\/a>]<\/p>\n\n\n\n<figure class=\"wp-block-table\"><table><tbody><tr><td>10:30 &#8211; 11:00<\/td><td><strong>Obertura i pon\u00e8ncia convidada<\/strong><br>Manu Delgado<br><em>Qu\u00e8 \u00e9s un videojoc indie? Breu rep\u00e0s contextual d&#8217;una etiqueta complicada<\/em><\/td><\/tr><tr><td>11:15 &#8211; 12:45<\/td><td><strong>Sessi\u00f3 I: Presentaci\u00f3  de treballs<\/strong><br><em>L&#8217;est\u00e8tica indie<\/em><\/td><\/tr><tr><td>13:00 &#8211; 14:00<\/td><td><strong>Sessi\u00f3 II: Presentaci\u00f3  de treballs<\/strong><br><em>El videojoc indie en el context social<\/em><\/td><\/tr><tr><td>14:00 &#8211; 15:00<\/td><td>DESCANS<\/td><\/tr><tr><td>15:00 &#8211; <br>16: 30<\/td><td><strong>Sessi\u00f3 III: Presentaci\u00f3  de treballs<\/strong><br><em>La ind\u00fastria indie en l&#8217;ensenyament<\/em><\/td><\/tr><tr><td>16:45 &#8211; 17:15<\/td><td><strong>Pon\u00e8ncia convidada<\/strong><br>Eul\u00e0lia Febrer<br><em>M\u00fasica als videojocs indie: Quins elements influeixen en la seva composici\u00f3?<\/em><\/td><\/tr><tr><td>17:30 &#8211; 18:30<\/td><td><strong>Panell<\/strong><br>Anton Planells, Ruth Contreras, Oliver P\u00e9rez, Eur\u00eddice Caba\u00f1es<br><em>Quina hauria de ser la relaci\u00f3 entre acad\u00e8mia i ind\u00fastria de cara a afavorir el desenvolupament del panorama indie nacional?<\/em><\/td><\/tr><tr><td>18:30 <\/td><td><strong>Clausura<\/strong><\/td><\/tr><\/tbody><\/table><\/figure>\n\n\n\n<p><strong>Llistat de treballs<\/strong><\/p>\n\n\n\n<p><em>Sessi\u00f3 I &#8211; L&#8217;est\u00e8tica indie<\/em> [Moderador: Victor Navarro]<\/p>\n\n\n\n<ul class=\"wp-block-list\">\n<li>Localizar la intertextualidad en el humor referencial de cyanide &amp; happiness <em>[Ponent: Alba Calvo]<\/em><\/li>\n\n\n\n<li>Est\u00e9ticas y mec\u00e1nicas de los videojuegos indie. Blasphemous, de la producci\u00f3n local al \u00e9xito global <em>[Ponent: Llu\u00eds Any\u00f3]<\/em><\/li>\n\n\n\n<li>Entre lo Indie y lo D\u014djin: la construcci\u00f3n discursiva del juego japon\u00e9s independiente <em>[Ponent: Tom\u00e1s Grau]<\/em><\/li>\n\n\n\n<li>V\u00ednculo entre dise\u00f1o de interfaz, narrativa y emociones en videojuegos indie: el caso de Spiritfarer <em>[Ponent: Elisabet Fonts]<\/em><\/li>\n<\/ul>\n\n\n\n<p><em>Sessi\u00f3 II &#8211; El videojoc indie en el context social<\/em> [Moderador: Elisabet Fonts]<\/p>\n\n\n\n<ul class=\"wp-block-list\">\n<li>\u00bfLos videojuegos indies espa\u00f1oles son accesibles? An\u00e1lisis de casos recientes en la industria <em>[Ponent: Kim Martinez]<\/em><\/li>\n\n\n\n<li>Pr\u00e1cticas de consumo y percepci\u00f3n alrededor del videojuego indie: un an\u00e1lisis de clase social sobre las disposiciones de gusto de los y las adolescentes <em>[Ponent: J\u00falia Vilas\u00eds-Pamos]<\/em><\/li>\n\n\n\n<li>Identidad y g\u00e9nero en el videojuego indie contempor\u00e1neo: Florence y A Memoir Blue (Annapurna Interactive) <em>[Ponent: Natalia Mart\u00ednez P\u00e9rez]<\/em><\/li>\n<\/ul>\n\n\n\n<p><em>Sessi\u00f3 III &#8211; La ind\u00fastria indie en l&#8217;ensenyament<\/em> [Moderador: Ruth Contreras]<\/p>\n\n\n\n<ul class=\"wp-block-list\">\n<li>Los juegos indie como herramienta para el trabajo socioemocional en educaci\u00f3n secundaria <em>[Ponent: Jorge Oceja]<\/em><\/li>\n\n\n\n<li>How becoming a teacher made me a better indie developer (and vice versa)<em> [Ponent: Rafael P\u00e9rez]<\/em><\/li>\n\n\n\n<li>An\u00e0lisi de videojocs des de la perspectiva del paradigma de la comunicaci\u00f3 del llenguatge no verbal com a eina per millorar la immersi\u00f3 del jugador: proposta metodol\u00f2gica<em> [Ponent: Al\u00edcia Almacellas]<\/em><\/li>\n\n\n\n<li>Educational games en l&#8217;aprenentatge i el foment de la literatura catalana a l&#8217;ensenyament postobligatori: el cas del Llibre dels feits del rei Jaume I d&#8217;Arag\u00f3 com a narraci\u00f3 hipertextual <em>[Ponent: Anna Saumell]<\/em><\/li>\n<\/ul>\n","protected":false},"excerpt":{"rendered":"<p>La celebraci\u00f3 de la primera edici\u00f3 del &#8220;Simposi sobre Investigaci\u00f3 a la Ind\u00fastria Indie del Videojoc&#8220; (I3V 2023) es va portar a terme el 27 d\u2019Octubre, a Terrassa (Espanya), com acte paral.lel al &#8220;INDIE GAMES TRS&#8220;, un esdeveniment d\u2019acc\u00e9s lliure que va servir com punt de trobada per tota l&#8217;escena independent del videojoc espanyol. Aquest &#8230; <a title=\"I3V 2023\" class=\"read-more\" href=\"https:\/\/i3v.citm.upc.edu\/?page_id=350\" aria-label=\"M\u00e9s informaci\u00f3 sobre I3V 2023\">Read more<\/a><\/p>\n","protected":false},"author":1,"featured_media":0,"parent":0,"menu_order":0,"comment_status":"closed","ping_status":"closed","template":"","meta":{"footnotes":""},"class_list":["post-350","page","type-page","status-publish"],"yoast_head":"<!-- This site is optimized with the Yoast SEO plugin v26.4 - https:\/\/yoast.com\/wordpress\/plugins\/seo\/ -->\n<title>I3V 2023 - I3V 2025<\/title>\n<meta name=\"robots\" content=\"index, follow, max-snippet:-1, max-image-preview:large, max-video-preview:-1\" \/>\n<link rel=\"canonical\" href=\"https:\/\/i3v.citm.upc.edu\/?page_id=350\" \/>\n<meta property=\"og:locale\" content=\"ca_ES\" \/>\n<meta property=\"og:type\" content=\"article\" \/>\n<meta property=\"og:title\" content=\"I3V 2023 - I3V 2025\" \/>\n<meta property=\"og:description\" content=\"La celebraci\u00f3 de la primera edici\u00f3 del &#8220;Simposi sobre Investigaci\u00f3 a la Ind\u00fastria Indie del Videojoc&#8220; (I3V 2023) es va portar a terme el 27 d\u2019Octubre, a Terrassa (Espanya), com acte paral.lel al &#8220;INDIE GAMES TRS&#8220;, un esdeveniment d\u2019acc\u00e9s lliure que va servir com punt de trobada per tota l&#8217;escena independent del videojoc espanyol. Aquest ... Read more\" \/>\n<meta property=\"og:url\" content=\"https:\/\/i3v.citm.upc.edu\/?page_id=350\" \/>\n<meta property=\"og:site_name\" content=\"I3V 2025\" \/>\n<meta property=\"article:modified_time\" content=\"2025-10-06T15:12:01+00:00\" \/>\n<meta name=\"twitter:card\" content=\"summary_large_image\" \/>\n<meta name=\"twitter:label1\" content=\"Temps estimat de lectura\" \/>\n\t<meta name=\"twitter:data1\" content=\"5 minuts\" \/>\n<script type=\"application\/ld+json\" class=\"yoast-schema-graph\">{\"@context\":\"https:\/\/schema.org\",\"@graph\":[{\"@type\":\"WebPage\",\"@id\":\"https:\/\/i3v.citm.upc.edu\/?page_id=350\",\"url\":\"https:\/\/i3v.citm.upc.edu\/?page_id=350\",\"name\":\"I3V 2023 - I3V 2025\",\"isPartOf\":{\"@id\":\"https:\/\/i3v.citm.upc.edu\/#website\"},\"datePublished\":\"2025-07-17T09:41:35+00:00\",\"dateModified\":\"2025-10-06T15:12:01+00:00\",\"breadcrumb\":{\"@id\":\"https:\/\/i3v.citm.upc.edu\/?page_id=350#breadcrumb\"},\"inLanguage\":\"ca\",\"potentialAction\":[{\"@type\":\"ReadAction\",\"target\":[\"https:\/\/i3v.citm.upc.edu\/?page_id=350\"]}]},{\"@type\":\"BreadcrumbList\",\"@id\":\"https:\/\/i3v.citm.upc.edu\/?page_id=350#breadcrumb\",\"itemListElement\":[{\"@type\":\"ListItem\",\"position\":1,\"name\":\"Inici\",\"item\":\"https:\/\/i3v.citm.upc.edu\/\"},{\"@type\":\"ListItem\",\"position\":2,\"name\":\"I3V 2023\"}]},{\"@type\":\"WebSite\",\"@id\":\"https:\/\/i3v.citm.upc.edu\/#website\",\"url\":\"https:\/\/i3v.citm.upc.edu\/\",\"name\":\"I3V 2025\",\"description\":\"I3V 2025 \u2013 2n Simposi sobre Investigaci\u00f3 a la Ind\u00fastria Indie del Videojoc\",\"publisher\":{\"@id\":\"https:\/\/i3v.citm.upc.edu\/#organization\"},\"potentialAction\":[{\"@type\":\"SearchAction\",\"target\":{\"@type\":\"EntryPoint\",\"urlTemplate\":\"https:\/\/i3v.citm.upc.edu\/?s={search_term_string}\"},\"query-input\":{\"@type\":\"PropertyValueSpecification\",\"valueRequired\":true,\"valueName\":\"search_term_string\"}}],\"inLanguage\":\"ca\"},{\"@type\":\"Organization\",\"@id\":\"https:\/\/i3v.citm.upc.edu\/#organization\",\"name\":\"I3V 2025\",\"url\":\"https:\/\/i3v.citm.upc.edu\/\",\"logo\":{\"@type\":\"ImageObject\",\"inLanguage\":\"ca\",\"@id\":\"https:\/\/i3v.citm.upc.edu\/#\/schema\/logo\/image\/\",\"url\":\"https:\/\/i3v.citm.upc.edu\/wp-content\/uploads\/2025\/11\/img-i3v-1.png\",\"contentUrl\":\"https:\/\/i3v.citm.upc.edu\/wp-content\/uploads\/2025\/11\/img-i3v-1.png\",\"width\":983,\"height\":495,\"caption\":\"I3V 2025\"},\"image\":{\"@id\":\"https:\/\/i3v.citm.upc.edu\/#\/schema\/logo\/image\/\"}}]}<\/script>\n<!-- \/ Yoast SEO plugin. -->","yoast_head_json":{"title":"I3V 2023 - I3V 2025","robots":{"index":"index","follow":"follow","max-snippet":"max-snippet:-1","max-image-preview":"max-image-preview:large","max-video-preview":"max-video-preview:-1"},"canonical":"https:\/\/i3v.citm.upc.edu\/?page_id=350","og_locale":"ca_ES","og_type":"article","og_title":"I3V 2023 - I3V 2025","og_description":"La celebraci\u00f3 de la primera edici\u00f3 del &#8220;Simposi sobre Investigaci\u00f3 a la Ind\u00fastria Indie del Videojoc&#8220; (I3V 2023) es va portar a terme el 27 d\u2019Octubre, a Terrassa (Espanya), com acte paral.lel al &#8220;INDIE GAMES TRS&#8220;, un esdeveniment d\u2019acc\u00e9s lliure que va servir com punt de trobada per tota l&#8217;escena independent del videojoc espanyol. Aquest ... Read more","og_url":"https:\/\/i3v.citm.upc.edu\/?page_id=350","og_site_name":"I3V 2025","article_modified_time":"2025-10-06T15:12:01+00:00","twitter_card":"summary_large_image","twitter_misc":{"Temps estimat de lectura":"5 minuts"},"schema":{"@context":"https:\/\/schema.org","@graph":[{"@type":"WebPage","@id":"https:\/\/i3v.citm.upc.edu\/?page_id=350","url":"https:\/\/i3v.citm.upc.edu\/?page_id=350","name":"I3V 2023 - I3V 2025","isPartOf":{"@id":"https:\/\/i3v.citm.upc.edu\/#website"},"datePublished":"2025-07-17T09:41:35+00:00","dateModified":"2025-10-06T15:12:01+00:00","breadcrumb":{"@id":"https:\/\/i3v.citm.upc.edu\/?page_id=350#breadcrumb"},"inLanguage":"ca","potentialAction":[{"@type":"ReadAction","target":["https:\/\/i3v.citm.upc.edu\/?page_id=350"]}]},{"@type":"BreadcrumbList","@id":"https:\/\/i3v.citm.upc.edu\/?page_id=350#breadcrumb","itemListElement":[{"@type":"ListItem","position":1,"name":"Inici","item":"https:\/\/i3v.citm.upc.edu\/"},{"@type":"ListItem","position":2,"name":"I3V 2023"}]},{"@type":"WebSite","@id":"https:\/\/i3v.citm.upc.edu\/#website","url":"https:\/\/i3v.citm.upc.edu\/","name":"I3V 2025","description":"I3V 2025 \u2013 2n Simposi sobre Investigaci\u00f3 a la Ind\u00fastria Indie del Videojoc","publisher":{"@id":"https:\/\/i3v.citm.upc.edu\/#organization"},"potentialAction":[{"@type":"SearchAction","target":{"@type":"EntryPoint","urlTemplate":"https:\/\/i3v.citm.upc.edu\/?s={search_term_string}"},"query-input":{"@type":"PropertyValueSpecification","valueRequired":true,"valueName":"search_term_string"}}],"inLanguage":"ca"},{"@type":"Organization","@id":"https:\/\/i3v.citm.upc.edu\/#organization","name":"I3V 2025","url":"https:\/\/i3v.citm.upc.edu\/","logo":{"@type":"ImageObject","inLanguage":"ca","@id":"https:\/\/i3v.citm.upc.edu\/#\/schema\/logo\/image\/","url":"https:\/\/i3v.citm.upc.edu\/wp-content\/uploads\/2025\/11\/img-i3v-1.png","contentUrl":"https:\/\/i3v.citm.upc.edu\/wp-content\/uploads\/2025\/11\/img-i3v-1.png","width":983,"height":495,"caption":"I3V 2025"},"image":{"@id":"https:\/\/i3v.citm.upc.edu\/#\/schema\/logo\/image\/"}}]}},"_links":{"self":[{"href":"https:\/\/i3v.citm.upc.edu\/index.php?rest_route=\/wp\/v2\/pages\/350","targetHints":{"allow":["GET"]}}],"collection":[{"href":"https:\/\/i3v.citm.upc.edu\/index.php?rest_route=\/wp\/v2\/pages"}],"about":[{"href":"https:\/\/i3v.citm.upc.edu\/index.php?rest_route=\/wp\/v2\/types\/page"}],"author":[{"embeddable":true,"href":"https:\/\/i3v.citm.upc.edu\/index.php?rest_route=\/wp\/v2\/users\/1"}],"replies":[{"embeddable":true,"href":"https:\/\/i3v.citm.upc.edu\/index.php?rest_route=%2Fwp%2Fv2%2Fcomments&post=350"}],"version-history":[{"count":4,"href":"https:\/\/i3v.citm.upc.edu\/index.php?rest_route=\/wp\/v2\/pages\/350\/revisions"}],"predecessor-version":[{"id":420,"href":"https:\/\/i3v.citm.upc.edu\/index.php?rest_route=\/wp\/v2\/pages\/350\/revisions\/420"}],"wp:attachment":[{"href":"https:\/\/i3v.citm.upc.edu\/index.php?rest_route=%2Fwp%2Fv2%2Fmedia&parent=350"}],"curies":[{"name":"wp","href":"https:\/\/api.w.org\/{rel}","templated":true}]}}