{"id":21,"date":"2023-04-28T10:40:59","date_gmt":"2023-04-28T08:40:59","guid":{"rendered":"https:\/\/i3v.citm.upc.edu\/?page_id=21"},"modified":"2025-11-26T12:49:21","modified_gmt":"2025-11-26T10:49:21","slug":"seu","status":"publish","type":"page","link":"https:\/\/i3v.citm.upc.edu\/?page_id=21","title":{"rendered":"Seu"},"content":{"rendered":"\n<p>El simposi se celebra com acte paral\u00b7lel a l\u2019esdeveniment INDIE GAMES TRS 25,\u00a0 que es dur\u00e0 a terme a la ciutat de <a href=\"https:\/\/visitaterrassa.cat\/\">Terrassa<\/a>. Aquest esdeveniment es planteja com un punt de trobada de la ind\u00fastria independent de videojocs a Espanya, centrada en exposicions, xerrades i una Game Jam.<\/p>\n\n\n\n<p><strong>El simposi acad\u00e8mic es dur\u00e0 terme a l&#8217;auditori de la Cambra de Comer\u00e7 de Terrassa.<\/strong><br><strong>Carrer de Blasco de Garay, 29, 08224 Terrassa, Barcelona<\/strong>.<\/p>\n\n\n\n<figure class=\"wp-block-image size-large\"><img loading=\"lazy\" decoding=\"async\" width=\"1024\" height=\"819\" src=\"https:\/\/i3v.citm.upc.edu\/wp-content\/uploads\/2025\/09\/cambra-1-1024x819.jpg\" alt=\"\" class=\"wp-image-385\" srcset=\"https:\/\/i3v.citm.upc.edu\/wp-content\/uploads\/2025\/09\/cambra-1-1024x819.jpg 1024w, https:\/\/i3v.citm.upc.edu\/wp-content\/uploads\/2025\/09\/cambra-1-300x240.jpg 300w, https:\/\/i3v.citm.upc.edu\/wp-content\/uploads\/2025\/09\/cambra-1-768x614.jpg 768w, https:\/\/i3v.citm.upc.edu\/wp-content\/uploads\/2025\/09\/cambra-1-1536x1229.jpg 1536w, https:\/\/i3v.citm.upc.edu\/wp-content\/uploads\/2025\/09\/cambra-1.jpg 1600w\" sizes=\"auto, (max-width: 1024px) 100vw, 1024px\" \/><\/figure>\n\n\n\n<p>L\u2019acc\u00e9s a l&#8217;esdeveniment principal i al simposi \u00e9s lliure i gratu\u00eft. No requereix el pagament de cap registre per part dels assistents (autors o no). Els assistents al simposi tenen lliure acc\u00e9s a tot l\u2019esdeveniment general, i viceversa.<\/p>\n\n\n\n<p>Podeu trobar m\u00e9s informaci\u00f3 sobre la seu de l\u2019esdeveniment i com arribar-hi a la web de l\u2019 INDIE GAMES TRS.<\/p>\n","protected":false},"excerpt":{"rendered":"<p>El simposi se celebra com acte paral\u00b7lel a l\u2019esdeveniment INDIE GAMES TRS 25,\u00a0 que es dur\u00e0 a terme a la ciutat de Terrassa. Aquest esdeveniment es planteja com un punt de trobada de la ind\u00fastria independent de videojocs a Espanya, centrada en exposicions, xerrades i una Game Jam. El simposi acad\u00e8mic es dur\u00e0 terme a &#8230; <a title=\"Seu\" class=\"read-more\" href=\"https:\/\/i3v.citm.upc.edu\/?page_id=21\" aria-label=\"M\u00e9s informaci\u00f3 sobre Seu\">Read more<\/a><\/p>\n","protected":false},"author":1,"featured_media":0,"parent":0,"menu_order":0,"comment_status":"closed","ping_status":"closed","template":"","meta":{"footnotes":""},"class_list":["post-21","page","type-page","status-publish"],"yoast_head":"<!-- This site is optimized with the Yoast SEO plugin v26.4 - https:\/\/yoast.com\/wordpress\/plugins\/seo\/ -->\n<title>Seu - I3V 2025<\/title>\n<meta name=\"description\" content=\"Segon Simposi sobre Investigaci\u00f3 a la Ind\u00fastria Indie del Videojoc - I3V 2025 - Organitzat per CITM-UPC i DiCode, es portar\u00e0 a terme el 12 de desembre de 2025.\" \/>\n<meta name=\"robots\" content=\"index, follow, max-snippet:-1, max-image-preview:large, max-video-preview:-1\" \/>\n<link rel=\"canonical\" href=\"https:\/\/i3v.citm.upc.edu\/?page_id=21\" \/>\n<meta property=\"og:locale\" content=\"ca_ES\" \/>\n<meta property=\"og:type\" content=\"article\" \/>\n<meta property=\"og:title\" content=\"Seu - I3V 2025\" \/>\n<meta property=\"og:description\" content=\"Segon Simposi sobre Investigaci\u00f3 a la Ind\u00fastria Indie del Videojoc - I3V 2025 - Organitzat per CITM-UPC i DiCode, es portar\u00e0 a terme el 12 de desembre de 2025.\" \/>\n<meta property=\"og:url\" content=\"https:\/\/i3v.citm.upc.edu\/?page_id=21\" \/>\n<meta property=\"og:site_name\" content=\"I3V 2025\" \/>\n<meta property=\"article:modified_time\" content=\"2025-11-26T10:49:21+00:00\" \/>\n<meta property=\"og:image\" content=\"https:\/\/i3v.citm.upc.edu\/wp-content\/uploads\/2025\/09\/cambra-1-1024x819.jpg\" \/>\n<meta name=\"twitter:card\" content=\"summary_large_image\" \/>\n<meta name=\"twitter:label1\" content=\"Temps estimat de lectura\" \/>\n\t<meta name=\"twitter:data1\" content=\"1 minut\" \/>\n<script type=\"application\/ld+json\" class=\"yoast-schema-graph\">{\"@context\":\"https:\/\/schema.org\",\"@graph\":[{\"@type\":\"WebPage\",\"@id\":\"https:\/\/i3v.citm.upc.edu\/?page_id=21\",\"url\":\"https:\/\/i3v.citm.upc.edu\/?page_id=21\",\"name\":\"Seu - I3V 2025\",\"isPartOf\":{\"@id\":\"https:\/\/i3v.citm.upc.edu\/#website\"},\"primaryImageOfPage\":{\"@id\":\"https:\/\/i3v.citm.upc.edu\/?page_id=21#primaryimage\"},\"image\":{\"@id\":\"https:\/\/i3v.citm.upc.edu\/?page_id=21#primaryimage\"},\"thumbnailUrl\":\"https:\/\/i3v.citm.upc.edu\/wp-content\/uploads\/2025\/09\/cambra-1-1024x819.jpg\",\"datePublished\":\"2023-04-28T08:40:59+00:00\",\"dateModified\":\"2025-11-26T10:49:21+00:00\",\"description\":\"Segon Simposi sobre Investigaci\u00f3 a la Ind\u00fastria Indie del Videojoc - I3V 2025 - Organitzat per CITM-UPC i DiCode, es portar\u00e0 a terme el 12 de desembre de 2025.\",\"breadcrumb\":{\"@id\":\"https:\/\/i3v.citm.upc.edu\/?page_id=21#breadcrumb\"},\"inLanguage\":\"ca\",\"potentialAction\":[{\"@type\":\"ReadAction\",\"target\":[\"https:\/\/i3v.citm.upc.edu\/?page_id=21\"]}]},{\"@type\":\"ImageObject\",\"inLanguage\":\"ca\",\"@id\":\"https:\/\/i3v.citm.upc.edu\/?page_id=21#primaryimage\",\"url\":\"https:\/\/i3v.citm.upc.edu\/wp-content\/uploads\/2025\/09\/cambra-1.jpg\",\"contentUrl\":\"https:\/\/i3v.citm.upc.edu\/wp-content\/uploads\/2025\/09\/cambra-1.jpg\",\"width\":1600,\"height\":1280},{\"@type\":\"BreadcrumbList\",\"@id\":\"https:\/\/i3v.citm.upc.edu\/?page_id=21#breadcrumb\",\"itemListElement\":[{\"@type\":\"ListItem\",\"position\":1,\"name\":\"Inici\",\"item\":\"https:\/\/i3v.citm.upc.edu\/\"},{\"@type\":\"ListItem\",\"position\":2,\"name\":\"Seu\"}]},{\"@type\":\"WebSite\",\"@id\":\"https:\/\/i3v.citm.upc.edu\/#website\",\"url\":\"https:\/\/i3v.citm.upc.edu\/\",\"name\":\"I3V 2025\",\"description\":\"I3V 2025 \u2013 2n Simposi sobre Investigaci\u00f3 a la Ind\u00fastria Indie del Videojoc\",\"publisher\":{\"@id\":\"https:\/\/i3v.citm.upc.edu\/#organization\"},\"potentialAction\":[{\"@type\":\"SearchAction\",\"target\":{\"@type\":\"EntryPoint\",\"urlTemplate\":\"https:\/\/i3v.citm.upc.edu\/?s={search_term_string}\"},\"query-input\":{\"@type\":\"PropertyValueSpecification\",\"valueRequired\":true,\"valueName\":\"search_term_string\"}}],\"inLanguage\":\"ca\"},{\"@type\":\"Organization\",\"@id\":\"https:\/\/i3v.citm.upc.edu\/#organization\",\"name\":\"I3V 2025\",\"url\":\"https:\/\/i3v.citm.upc.edu\/\",\"logo\":{\"@type\":\"ImageObject\",\"inLanguage\":\"ca\",\"@id\":\"https:\/\/i3v.citm.upc.edu\/#\/schema\/logo\/image\/\",\"url\":\"https:\/\/i3v.citm.upc.edu\/wp-content\/uploads\/2025\/11\/img-i3v-1.png\",\"contentUrl\":\"https:\/\/i3v.citm.upc.edu\/wp-content\/uploads\/2025\/11\/img-i3v-1.png\",\"width\":983,\"height\":495,\"caption\":\"I3V 2025\"},\"image\":{\"@id\":\"https:\/\/i3v.citm.upc.edu\/#\/schema\/logo\/image\/\"}}]}<\/script>\n<!-- \/ Yoast SEO plugin. -->","yoast_head_json":{"title":"Seu - I3V 2025","description":"Segon Simposi sobre Investigaci\u00f3 a la Ind\u00fastria Indie del Videojoc - I3V 2025 - Organitzat per CITM-UPC i DiCode, es portar\u00e0 a terme el 12 de desembre de 2025.","robots":{"index":"index","follow":"follow","max-snippet":"max-snippet:-1","max-image-preview":"max-image-preview:large","max-video-preview":"max-video-preview:-1"},"canonical":"https:\/\/i3v.citm.upc.edu\/?page_id=21","og_locale":"ca_ES","og_type":"article","og_title":"Seu - I3V 2025","og_description":"Segon Simposi sobre Investigaci\u00f3 a la Ind\u00fastria Indie del Videojoc - I3V 2025 - Organitzat per CITM-UPC i DiCode, es portar\u00e0 a terme el 12 de desembre de 2025.","og_url":"https:\/\/i3v.citm.upc.edu\/?page_id=21","og_site_name":"I3V 2025","article_modified_time":"2025-11-26T10:49:21+00:00","og_image":[{"url":"https:\/\/i3v.citm.upc.edu\/wp-content\/uploads\/2025\/09\/cambra-1-1024x819.jpg","type":"","width":"","height":""}],"twitter_card":"summary_large_image","twitter_misc":{"Temps estimat de lectura":"1 minut"},"schema":{"@context":"https:\/\/schema.org","@graph":[{"@type":"WebPage","@id":"https:\/\/i3v.citm.upc.edu\/?page_id=21","url":"https:\/\/i3v.citm.upc.edu\/?page_id=21","name":"Seu - I3V 2025","isPartOf":{"@id":"https:\/\/i3v.citm.upc.edu\/#website"},"primaryImageOfPage":{"@id":"https:\/\/i3v.citm.upc.edu\/?page_id=21#primaryimage"},"image":{"@id":"https:\/\/i3v.citm.upc.edu\/?page_id=21#primaryimage"},"thumbnailUrl":"https:\/\/i3v.citm.upc.edu\/wp-content\/uploads\/2025\/09\/cambra-1-1024x819.jpg","datePublished":"2023-04-28T08:40:59+00:00","dateModified":"2025-11-26T10:49:21+00:00","description":"Segon Simposi sobre Investigaci\u00f3 a la Ind\u00fastria Indie del Videojoc - I3V 2025 - Organitzat per CITM-UPC i DiCode, es portar\u00e0 a terme el 12 de desembre de 2025.","breadcrumb":{"@id":"https:\/\/i3v.citm.upc.edu\/?page_id=21#breadcrumb"},"inLanguage":"ca","potentialAction":[{"@type":"ReadAction","target":["https:\/\/i3v.citm.upc.edu\/?page_id=21"]}]},{"@type":"ImageObject","inLanguage":"ca","@id":"https:\/\/i3v.citm.upc.edu\/?page_id=21#primaryimage","url":"https:\/\/i3v.citm.upc.edu\/wp-content\/uploads\/2025\/09\/cambra-1.jpg","contentUrl":"https:\/\/i3v.citm.upc.edu\/wp-content\/uploads\/2025\/09\/cambra-1.jpg","width":1600,"height":1280},{"@type":"BreadcrumbList","@id":"https:\/\/i3v.citm.upc.edu\/?page_id=21#breadcrumb","itemListElement":[{"@type":"ListItem","position":1,"name":"Inici","item":"https:\/\/i3v.citm.upc.edu\/"},{"@type":"ListItem","position":2,"name":"Seu"}]},{"@type":"WebSite","@id":"https:\/\/i3v.citm.upc.edu\/#website","url":"https:\/\/i3v.citm.upc.edu\/","name":"I3V 2025","description":"I3V 2025 \u2013 2n Simposi sobre Investigaci\u00f3 a la Ind\u00fastria Indie del Videojoc","publisher":{"@id":"https:\/\/i3v.citm.upc.edu\/#organization"},"potentialAction":[{"@type":"SearchAction","target":{"@type":"EntryPoint","urlTemplate":"https:\/\/i3v.citm.upc.edu\/?s={search_term_string}"},"query-input":{"@type":"PropertyValueSpecification","valueRequired":true,"valueName":"search_term_string"}}],"inLanguage":"ca"},{"@type":"Organization","@id":"https:\/\/i3v.citm.upc.edu\/#organization","name":"I3V 2025","url":"https:\/\/i3v.citm.upc.edu\/","logo":{"@type":"ImageObject","inLanguage":"ca","@id":"https:\/\/i3v.citm.upc.edu\/#\/schema\/logo\/image\/","url":"https:\/\/i3v.citm.upc.edu\/wp-content\/uploads\/2025\/11\/img-i3v-1.png","contentUrl":"https:\/\/i3v.citm.upc.edu\/wp-content\/uploads\/2025\/11\/img-i3v-1.png","width":983,"height":495,"caption":"I3V 2025"},"image":{"@id":"https:\/\/i3v.citm.upc.edu\/#\/schema\/logo\/image\/"}}]}},"_links":{"self":[{"href":"https:\/\/i3v.citm.upc.edu\/index.php?rest_route=\/wp\/v2\/pages\/21","targetHints":{"allow":["GET"]}}],"collection":[{"href":"https:\/\/i3v.citm.upc.edu\/index.php?rest_route=\/wp\/v2\/pages"}],"about":[{"href":"https:\/\/i3v.citm.upc.edu\/index.php?rest_route=\/wp\/v2\/types\/page"}],"author":[{"embeddable":true,"href":"https:\/\/i3v.citm.upc.edu\/index.php?rest_route=\/wp\/v2\/users\/1"}],"replies":[{"embeddable":true,"href":"https:\/\/i3v.citm.upc.edu\/index.php?rest_route=%2Fwp%2Fv2%2Fcomments&post=21"}],"version-history":[{"count":10,"href":"https:\/\/i3v.citm.upc.edu\/index.php?rest_route=\/wp\/v2\/pages\/21\/revisions"}],"predecessor-version":[{"id":388,"href":"https:\/\/i3v.citm.upc.edu\/index.php?rest_route=\/wp\/v2\/pages\/21\/revisions\/388"}],"wp:attachment":[{"href":"https:\/\/i3v.citm.upc.edu\/index.php?rest_route=%2Fwp%2Fv2%2Fmedia&parent=21"}],"curies":[{"name":"wp","href":"https:\/\/api.w.org\/{rel}","templated":true}]}}