{"id":131,"date":"2023-04-28T10:40:59","date_gmt":"2023-04-28T08:40:59","guid":{"rendered":"https:\/\/i3v.citm.upc.edu\/?page_id=131"},"modified":"2025-12-02T18:18:59","modified_gmt":"2025-12-02T16:18:59","slug":"keynotes","status":"publish","type":"page","link":"https:\/\/i3v.citm.upc.edu\/?page_id=131&lang=es","title":{"rendered":"Keynote"},"content":{"rendered":"\n<p class=\"has-medium-font-size\"><strong>Luca Carrubba<\/strong><\/p>\n\n\n\n<p><strong>Del&nbsp;<em>Indiepocalypse<\/em>&nbsp;al&nbsp;<em>Indieverse:&nbsp;<\/em>salto de formato hacia una creaci\u00f3n sostenible<\/strong><\/p>\n\n\n<div class=\"wp-block-image\">\n<figure class=\"alignleft size-full is-resized\"><img loading=\"lazy\" decoding=\"async\" width=\"824\" height=\"786\" src=\"https:\/\/i3v.citm.upc.edu\/wp-content\/uploads\/2025\/12\/Luca-Carrubba.jpg\" alt=\"\" class=\"wp-image-497\" style=\"width:178px;height:auto\" srcset=\"https:\/\/i3v.citm.upc.edu\/wp-content\/uploads\/2025\/12\/Luca-Carrubba.jpg 824w, https:\/\/i3v.citm.upc.edu\/wp-content\/uploads\/2025\/12\/Luca-Carrubba-300x286.jpg 300w, https:\/\/i3v.citm.upc.edu\/wp-content\/uploads\/2025\/12\/Luca-Carrubba-768x733.jpg 768w\" sizes=\"auto, (max-width: 824px) 100vw, 824px\" \/><\/figure>\n<\/div>\n\n\n<p class=\"has-text-align-left\">El concepto de&nbsp;<em>Indiepocalypse<\/em>&nbsp;resuena de nuevo en la industria del videojuego, evidenciando una crisis estructural que va m\u00e1s all\u00e1 de la simple saturaci\u00f3n del mercado. Frente a este panorama, la ponencia explora la necesidad de un &#8220;salto de formato&#8221;, an\u00e1logo a las transformaciones que otros medios han experimentado en momentos de inflexi\u00f3n, como una v\u00eda para reimaginar el futuro del sector. A trav\u00e9s de la presentaci\u00f3n de una serie de &#8216;prototipos&#8217; conceptuales, se propone un debate sobre nuevas formas de crear, distribuir y consumir videojuegos. El objetivo no es ofrecer respuestas definitivas, sino plantear preguntas clave y proponer un marco de trabajo para un ecosistema&nbsp;<em>indie&nbsp;<\/em>m\u00e1s diverso, resiliente y sostenible: un&nbsp;<em>indieverse<\/em>.<\/p>\n\n\n\n<p class=\"has-text-align-left\">Lucca Carrubba es investigador, docente y especialista en cultura digital. Trabaja en la intersecci\u00f3n entre arte, tecnolog\u00eda, dise\u00f1o y videojuegos. Doctor en arte por la Universitat de Barcelona, es codirector de ArsGames, participa en el debate internacional sobre <em>Games Studies<\/em> con conferencias y art\u00edculos sobre los videojuegos como espacios de experimentaci\u00f3n y transformaci\u00f3n social. Colabora con museos, centros culturales y universidades, combinando la investigaci\u00f3n te\u00f3rica con la creaci\u00f3n de juegos y otros artefactos digitales orientados a repensar c\u00f3mo vivimos juntos.<\/p>\n\n\n\n<p><\/p>\n\n\n\n<p><\/p>\n\n\n\n<p><\/p>\n\n\n\n<p><\/p>\n","protected":false},"excerpt":{"rendered":"<p>Luca Carrubba Del&nbsp;Indiepocalypse&nbsp;al&nbsp;Indieverse:&nbsp;salto de formato hacia una creaci\u00f3n sostenible El concepto de&nbsp;Indiepocalypse&nbsp;resuena de nuevo en la industria del videojuego, evidenciando una crisis estructural que va m\u00e1s all\u00e1 de la simple saturaci\u00f3n del mercado. Frente a este panorama, la ponencia explora la necesidad de un &#8220;salto de formato&#8221;, an\u00e1logo a las transformaciones que otros medios han &#8230; <a title=\"Keynote\" class=\"read-more\" href=\"https:\/\/i3v.citm.upc.edu\/?page_id=131&#038;lang=es\" aria-label=\"M\u00e9s informaci\u00f3 sobre Keynote\">Read more<\/a><\/p>\n","protected":false},"author":1,"featured_media":0,"parent":0,"menu_order":0,"comment_status":"closed","ping_status":"closed","template":"","meta":{"footnotes":""},"class_list":["post-131","page","type-page","status-publish"],"yoast_head":"<!-- This site is optimized with the Yoast SEO plugin v26.4 - https:\/\/yoast.com\/wordpress\/plugins\/seo\/ -->\n<title>Keynote - I3V 2025<\/title>\n<meta name=\"description\" content=\"Segundo Simposio sobre Investigaci\u00f3n en la Industria Indie de los Videojuegos - I3V 2025 - Organizado por CITM-UPC y DiCode, tendr\u00e1 lugar el 12 de diciembre de 2025.\" \/>\n<meta name=\"robots\" content=\"index, follow, max-snippet:-1, max-image-preview:large, max-video-preview:-1\" \/>\n<link rel=\"canonical\" href=\"https:\/\/i3v.citm.upc.edu\/?page_id=131&lang=es\" \/>\n<meta property=\"og:locale\" content=\"ca_ES\" \/>\n<meta property=\"og:type\" content=\"article\" \/>\n<meta property=\"og:title\" content=\"Keynote - I3V 2025\" \/>\n<meta property=\"og:description\" content=\"Segundo Simposio sobre Investigaci\u00f3n en la Industria Indie de los Videojuegos - I3V 2025 - Organizado por CITM-UPC y DiCode, tendr\u00e1 lugar el 12 de diciembre de 2025.\" \/>\n<meta property=\"og:url\" content=\"https:\/\/i3v.citm.upc.edu\/?page_id=131&amp;lang=es\" \/>\n<meta property=\"og:site_name\" content=\"I3V 2025\" \/>\n<meta property=\"article:modified_time\" content=\"2025-12-02T16:18:59+00:00\" \/>\n<meta property=\"og:image\" content=\"https:\/\/i3v.citm.upc.edu\/wp-content\/uploads\/2025\/12\/Luca-Carrubba.jpg\" \/>\n\t<meta property=\"og:image:width\" content=\"824\" \/>\n\t<meta property=\"og:image:height\" content=\"786\" \/>\n\t<meta property=\"og:image:type\" content=\"image\/jpeg\" \/>\n<meta name=\"twitter:card\" content=\"summary_large_image\" \/>\n<meta name=\"twitter:label1\" content=\"Temps estimat de lectura\" \/>\n\t<meta name=\"twitter:data1\" content=\"2 minuts\" \/>\n<script type=\"application\/ld+json\" class=\"yoast-schema-graph\">{\"@context\":\"https:\/\/schema.org\",\"@graph\":[{\"@type\":\"WebPage\",\"@id\":\"https:\/\/i3v.citm.upc.edu\/?page_id=131&lang=es\",\"url\":\"https:\/\/i3v.citm.upc.edu\/?page_id=131&lang=es\",\"name\":\"Keynote - I3V 2025\",\"isPartOf\":{\"@id\":\"https:\/\/i3v.citm.upc.edu\/#website\"},\"primaryImageOfPage\":{\"@id\":\"https:\/\/i3v.citm.upc.edu\/?page_id=131&lang=es#primaryimage\"},\"image\":{\"@id\":\"https:\/\/i3v.citm.upc.edu\/?page_id=131&lang=es#primaryimage\"},\"thumbnailUrl\":\"https:\/\/i3v.citm.upc.edu\/wp-content\/uploads\/2025\/12\/Luca-Carrubba.jpg\",\"datePublished\":\"2023-04-28T08:40:59+00:00\",\"dateModified\":\"2025-12-02T16:18:59+00:00\",\"description\":\"Segundo Simposio sobre Investigaci\u00f3n en la Industria Indie de los Videojuegos - I3V 2025 - Organizado por CITM-UPC y DiCode, tendr\u00e1 lugar el 12 de diciembre de 2025.\",\"breadcrumb\":{\"@id\":\"https:\/\/i3v.citm.upc.edu\/?page_id=131&lang=es#breadcrumb\"},\"inLanguage\":\"ca\",\"potentialAction\":[{\"@type\":\"ReadAction\",\"target\":[\"https:\/\/i3v.citm.upc.edu\/?page_id=131&lang=es\"]}]},{\"@type\":\"ImageObject\",\"inLanguage\":\"ca\",\"@id\":\"https:\/\/i3v.citm.upc.edu\/?page_id=131&lang=es#primaryimage\",\"url\":\"https:\/\/i3v.citm.upc.edu\/wp-content\/uploads\/2025\/12\/Luca-Carrubba.jpg\",\"contentUrl\":\"https:\/\/i3v.citm.upc.edu\/wp-content\/uploads\/2025\/12\/Luca-Carrubba.jpg\",\"width\":824,\"height\":786},{\"@type\":\"BreadcrumbList\",\"@id\":\"https:\/\/i3v.citm.upc.edu\/?page_id=131&lang=es#breadcrumb\",\"itemListElement\":[{\"@type\":\"ListItem\",\"position\":1,\"name\":\"Inici\",\"item\":\"https:\/\/i3v.citm.upc.edu\/\"},{\"@type\":\"ListItem\",\"position\":2,\"name\":\"Keynote\"}]},{\"@type\":\"WebSite\",\"@id\":\"https:\/\/i3v.citm.upc.edu\/#website\",\"url\":\"https:\/\/i3v.citm.upc.edu\/\",\"name\":\"I3V 2025\",\"description\":\"I3V 2025 \u2013 2n Simposi sobre Investigaci\u00f3 a la Ind\u00fastria Indie del Videojoc\",\"publisher\":{\"@id\":\"https:\/\/i3v.citm.upc.edu\/#organization\"},\"potentialAction\":[{\"@type\":\"SearchAction\",\"target\":{\"@type\":\"EntryPoint\",\"urlTemplate\":\"https:\/\/i3v.citm.upc.edu\/?s={search_term_string}\"},\"query-input\":{\"@type\":\"PropertyValueSpecification\",\"valueRequired\":true,\"valueName\":\"search_term_string\"}}],\"inLanguage\":\"ca\"},{\"@type\":\"Organization\",\"@id\":\"https:\/\/i3v.citm.upc.edu\/#organization\",\"name\":\"I3V 2025\",\"url\":\"https:\/\/i3v.citm.upc.edu\/\",\"logo\":{\"@type\":\"ImageObject\",\"inLanguage\":\"ca\",\"@id\":\"https:\/\/i3v.citm.upc.edu\/#\/schema\/logo\/image\/\",\"url\":\"https:\/\/i3v.citm.upc.edu\/wp-content\/uploads\/2025\/11\/img-i3v-1.png\",\"contentUrl\":\"https:\/\/i3v.citm.upc.edu\/wp-content\/uploads\/2025\/11\/img-i3v-1.png\",\"width\":983,\"height\":495,\"caption\":\"I3V 2025\"},\"image\":{\"@id\":\"https:\/\/i3v.citm.upc.edu\/#\/schema\/logo\/image\/\"}}]}<\/script>\n<!-- \/ Yoast SEO plugin. -->","yoast_head_json":{"title":"Keynote - I3V 2025","description":"Segundo Simposio sobre Investigaci\u00f3n en la Industria Indie de los Videojuegos - I3V 2025 - Organizado por CITM-UPC y DiCode, tendr\u00e1 lugar el 12 de diciembre de 2025.","robots":{"index":"index","follow":"follow","max-snippet":"max-snippet:-1","max-image-preview":"max-image-preview:large","max-video-preview":"max-video-preview:-1"},"canonical":"https:\/\/i3v.citm.upc.edu\/?page_id=131&lang=es","og_locale":"ca_ES","og_type":"article","og_title":"Keynote - I3V 2025","og_description":"Segundo Simposio sobre Investigaci\u00f3n en la Industria Indie de los Videojuegos - I3V 2025 - Organizado por CITM-UPC y DiCode, tendr\u00e1 lugar el 12 de diciembre de 2025.","og_url":"https:\/\/i3v.citm.upc.edu\/?page_id=131&lang=es","og_site_name":"I3V 2025","article_modified_time":"2025-12-02T16:18:59+00:00","og_image":[{"width":824,"height":786,"url":"https:\/\/i3v.citm.upc.edu\/wp-content\/uploads\/2025\/12\/Luca-Carrubba.jpg","type":"image\/jpeg"}],"twitter_card":"summary_large_image","twitter_misc":{"Temps estimat de lectura":"2 minuts"},"schema":{"@context":"https:\/\/schema.org","@graph":[{"@type":"WebPage","@id":"https:\/\/i3v.citm.upc.edu\/?page_id=131&lang=es","url":"https:\/\/i3v.citm.upc.edu\/?page_id=131&lang=es","name":"Keynote - I3V 2025","isPartOf":{"@id":"https:\/\/i3v.citm.upc.edu\/#website"},"primaryImageOfPage":{"@id":"https:\/\/i3v.citm.upc.edu\/?page_id=131&lang=es#primaryimage"},"image":{"@id":"https:\/\/i3v.citm.upc.edu\/?page_id=131&lang=es#primaryimage"},"thumbnailUrl":"https:\/\/i3v.citm.upc.edu\/wp-content\/uploads\/2025\/12\/Luca-Carrubba.jpg","datePublished":"2023-04-28T08:40:59+00:00","dateModified":"2025-12-02T16:18:59+00:00","description":"Segundo Simposio sobre Investigaci\u00f3n en la Industria Indie de los Videojuegos - I3V 2025 - Organizado por CITM-UPC y DiCode, tendr\u00e1 lugar el 12 de diciembre de 2025.","breadcrumb":{"@id":"https:\/\/i3v.citm.upc.edu\/?page_id=131&lang=es#breadcrumb"},"inLanguage":"ca","potentialAction":[{"@type":"ReadAction","target":["https:\/\/i3v.citm.upc.edu\/?page_id=131&lang=es"]}]},{"@type":"ImageObject","inLanguage":"ca","@id":"https:\/\/i3v.citm.upc.edu\/?page_id=131&lang=es#primaryimage","url":"https:\/\/i3v.citm.upc.edu\/wp-content\/uploads\/2025\/12\/Luca-Carrubba.jpg","contentUrl":"https:\/\/i3v.citm.upc.edu\/wp-content\/uploads\/2025\/12\/Luca-Carrubba.jpg","width":824,"height":786},{"@type":"BreadcrumbList","@id":"https:\/\/i3v.citm.upc.edu\/?page_id=131&lang=es#breadcrumb","itemListElement":[{"@type":"ListItem","position":1,"name":"Inici","item":"https:\/\/i3v.citm.upc.edu\/"},{"@type":"ListItem","position":2,"name":"Keynote"}]},{"@type":"WebSite","@id":"https:\/\/i3v.citm.upc.edu\/#website","url":"https:\/\/i3v.citm.upc.edu\/","name":"I3V 2025","description":"I3V 2025 \u2013 2n Simposi sobre Investigaci\u00f3 a la Ind\u00fastria Indie del Videojoc","publisher":{"@id":"https:\/\/i3v.citm.upc.edu\/#organization"},"potentialAction":[{"@type":"SearchAction","target":{"@type":"EntryPoint","urlTemplate":"https:\/\/i3v.citm.upc.edu\/?s={search_term_string}"},"query-input":{"@type":"PropertyValueSpecification","valueRequired":true,"valueName":"search_term_string"}}],"inLanguage":"ca"},{"@type":"Organization","@id":"https:\/\/i3v.citm.upc.edu\/#organization","name":"I3V 2025","url":"https:\/\/i3v.citm.upc.edu\/","logo":{"@type":"ImageObject","inLanguage":"ca","@id":"https:\/\/i3v.citm.upc.edu\/#\/schema\/logo\/image\/","url":"https:\/\/i3v.citm.upc.edu\/wp-content\/uploads\/2025\/11\/img-i3v-1.png","contentUrl":"https:\/\/i3v.citm.upc.edu\/wp-content\/uploads\/2025\/11\/img-i3v-1.png","width":983,"height":495,"caption":"I3V 2025"},"image":{"@id":"https:\/\/i3v.citm.upc.edu\/#\/schema\/logo\/image\/"}}]}},"_links":{"self":[{"href":"https:\/\/i3v.citm.upc.edu\/index.php?rest_route=\/wp\/v2\/pages\/131","targetHints":{"allow":["GET"]}}],"collection":[{"href":"https:\/\/i3v.citm.upc.edu\/index.php?rest_route=\/wp\/v2\/pages"}],"about":[{"href":"https:\/\/i3v.citm.upc.edu\/index.php?rest_route=\/wp\/v2\/types\/page"}],"author":[{"embeddable":true,"href":"https:\/\/i3v.citm.upc.edu\/index.php?rest_route=\/wp\/v2\/users\/1"}],"replies":[{"embeddable":true,"href":"https:\/\/i3v.citm.upc.edu\/index.php?rest_route=%2Fwp%2Fv2%2Fcomments&post=131"}],"version-history":[{"count":7,"href":"https:\/\/i3v.citm.upc.edu\/index.php?rest_route=\/wp\/v2\/pages\/131\/revisions"}],"predecessor-version":[{"id":507,"href":"https:\/\/i3v.citm.upc.edu\/index.php?rest_route=\/wp\/v2\/pages\/131\/revisions\/507"}],"wp:attachment":[{"href":"https:\/\/i3v.citm.upc.edu\/index.php?rest_route=%2Fwp%2Fv2%2Fmedia&parent=131"}],"curies":[{"name":"wp","href":"https:\/\/api.w.org\/{rel}","templated":true}]}}